{"id":111,"date":"2019-12-02T14:22:38","date_gmt":"2019-12-02T13:22:38","guid":{"rendered":"http:\/\/genofer.fr\/?page_id=111"},"modified":"2021-11-25T15:29:51","modified_gmt":"2021-11-25T14:29:51","slug":"gamme","status":"publish","type":"page","link":"https:\/\/genofer.fr\/index.php\/gamme\/","title":{"rendered":"Produits"},"content":{"rendered":"\n<p>Notre offre couvre l&rsquo;ensemble de la gamme :<\/p>\n\n\n\n<ul class=\"wp-block-list\"><li>T\u00f4les larm\u00e9es et stri\u00e9es.<\/li><li>Aciers lamin\u00e9s \u00e0 chaud du <a rel=\"noreferrer noopener\" aria-label=\"S235 au S355 (s\u2019ouvre dans un nouvel onglet)\" href=\"https:\/\/industry.arcelormittal.com\/catalogue\/A30\/FR#grade_2359\" target=\"_blank\">S235 au S355<\/a><\/li><li>Aciers Haute Limite \u00c9lastique (HLE) du <a rel=\"noreferrer noopener\" aria-label=\"S315MC (s\u2019ouvre dans un nouvel onglet)\" href=\"https:\/\/industry.arcelormittal.com\/catalogue\/A20\/FR\" target=\"_blank\">S315MC<\/a> au <a rel=\"noreferrer noopener\" aria-label=\"S700MC (s\u2019ouvre dans un nouvel onglet)\" href=\"https:\/\/industry.arcelormittal.com\/catalogue\/A22\/FR\" target=\"_blank\">S700MC<\/a><\/li><li>Aciers Auto-patinables <a rel=\"noreferrer noopener\" aria-label=\"Indaten\/Corten (s\u2019ouvre dans un nouvel onglet)\" href=\"https:\/\/industry.arcelormittal.com\/catalogue\/A34\/FR\" target=\"_blank\">Indaten<\/a><\/li><li>Aciers au Mangan\u00e8se-Bore <a rel=\"noreferrer noopener\" aria-label=\"22MnB5 et 30MnB5 (s\u2019ouvre dans un nouvel onglet)\" href=\"https:\/\/industry.arcelormittal.com\/catalogue\/A54\/FR\" target=\"_blank\">22MnB5 et 30MnB5<\/a><\/li><li>Aciers lamin\u00e9s \u00e0 froid, galvanis\u00e9s ou \u00e9lectro-zingu\u00e9s.<\/li><li>Plaques.<\/li><\/ul>\n","protected":false},"excerpt":{"rendered":"<p>Notre offre couvre l&rsquo;ensemble de la gamme : T\u00f4les larm\u00e9es et stri\u00e9es. Aciers lamin\u00e9s \u00e0 chaud du S235 au S355<\/p>\n","protected":false},"author":1,"featured_media":0,"parent":0,"menu_order":0,"comment_status":"closed","ping_status":"closed","template":"","meta":{"footnotes":""},"class_list":["post-111","page","type-page","status-publish","hentry"],"_links":{"self":[{"href":"https:\/\/genofer.fr\/index.php\/wp-json\/wp\/v2\/pages\/111","targetHints":{"allow":["GET"]}}],"collection":[{"href":"https:\/\/genofer.fr\/index.php\/wp-json\/wp\/v2\/pages"}],"about":[{"href":"https:\/\/genofer.fr\/index.php\/wp-json\/wp\/v2\/types\/page"}],"author":[{"embeddable":true,"href":"https:\/\/genofer.fr\/index.php\/wp-json\/wp\/v2\/users\/1"}],"replies":[{"embeddable":true,"href":"https:\/\/genofer.fr\/index.php\/wp-json\/wp\/v2\/comments?post=111"}],"version-history":[{"count":12,"href":"https:\/\/genofer.fr\/index.php\/wp-json\/wp\/v2\/pages\/111\/revisions"}],"predecessor-version":[{"id":191,"href":"https:\/\/genofer.fr\/index.php\/wp-json\/wp\/v2\/pages\/111\/revisions\/191"}],"wp:attachment":[{"href":"https:\/\/genofer.fr\/index.php\/wp-json\/wp\/v2\/media?parent=111"}],"curies":[{"name":"wp","href":"https:\/\/api.w.org\/{rel}","templated":true}]}}